{"id":1805,"date":"2022-09-04T17:30:20","date_gmt":"2022-09-04T17:30:20","guid":{"rendered":"https:\/\/autismoge.org\/?page_id=1805"},"modified":"2026-01-07T15:26:32","modified_gmt":"2026-01-07T15:26:32","slug":"formaciones-2","status":"publish","type":"page","link":"https:\/\/autismoge.org\/index.php\/formaciones-2\/","title":{"rendered":"Formaciones"},"content":{"rendered":"\t\t<div data-elementor-type=\"wp-page\" data-elementor-id=\"1805\" class=\"elementor elementor-1805\">\n\t\t\t\t\t\t<section class=\"elementor-section elementor-top-section elementor-element elementor-element-26595ce elementor-section-boxed elementor-section-height-default elementor-section-height-default\" data-id=\"26595ce\" data-element_type=\"section\" data-e-type=\"section\">\n\t\t\t\t\t\t<div class=\"elementor-container elementor-column-gap-default\">\n\t\t\t\t\t<div class=\"aux-parallax-section elementor-column elementor-col-100 elementor-top-column elementor-element elementor-element-69dbe5e\" data-id=\"69dbe5e\" data-element_type=\"column\" data-e-type=\"column\">\n\t\t\t<div class=\"elementor-widget-wrap\">\n\t\t\t\t\t\t\t<\/div>\n\t\t<\/div>\n\t\t\t\t\t<\/div>\n\t\t<\/section>\n\t\t\t\t<section class=\"elementor-section elementor-top-section elementor-element elementor-element-8205352 elementor-section-full_width elementor-section-stretched elementor-section-height-default elementor-section-height-default\" data-id=\"8205352\" data-element_type=\"section\" data-e-type=\"section\" data-settings=\"{&quot;stretch_section&quot;:&quot;section-stretched&quot;,&quot;background_background&quot;:&quot;classic&quot;,&quot;shape_divider_bottom&quot;:&quot;opacity-tilt&quot;}\">\n\t\t\t\t\t<div class=\"elementor-shape elementor-shape-bottom\" aria-hidden=\"true\" data-negative=\"false\">\n\t\t\t<svg xmlns=\"http:\/\/www.w3.org\/2000\/svg\" viewBox=\"0 0 2600 131.1\" preserveAspectRatio=\"none\">\n\t<path class=\"elementor-shape-fill\" d=\"M0 0L2600 0 2600 69.1 0 0z\"\/>\n\t<path class=\"elementor-shape-fill\" style=\"opacity:0.5\" d=\"M0 0L2600 0 2600 69.1 0 69.1z\"\/>\n\t<path class=\"elementor-shape-fill\" style=\"opacity:0.25\" d=\"M2600 0L0 0 0 130.1 2600 69.1z\"\/>\n<\/svg>\t\t<\/div>\n\t\t\t\t\t<div class=\"elementor-container elementor-column-gap-default\">\n\t\t\t\t\t<div class=\"aux-parallax-section elementor-column elementor-col-100 elementor-top-column elementor-element elementor-element-a283be8\" data-id=\"a283be8\" data-element_type=\"column\" data-e-type=\"column\" data-settings=\"{&quot;background_background&quot;:&quot;classic&quot;}\">\n\t\t\t<div class=\"elementor-widget-wrap elementor-element-populated\">\n\t\t\t\t\t\t<div class=\"elementor-element elementor-element-47d514c elementor-widget elementor-widget-heading\" data-id=\"47d514c\" data-element_type=\"widget\" data-e-type=\"widget\" data-widget_type=\"heading.default\">\n\t\t\t\t<div class=\"elementor-widget-container\">\n\t\t\t\t\t<h1 class=\"elementor-heading-title elementor-size-default\">Formaciones<\/h1>\t\t\t\t<\/div>\n\t\t\t\t<\/div>\n\t\t\t\t\t<\/div>\n\t\t<\/div>\n\t\t\t\t\t<\/div>\n\t\t<\/section>\n\t\t\t\t<section class=\"elementor-section elementor-top-section elementor-element elementor-element-d68894b elementor-section-boxed elementor-section-height-default elementor-section-height-default\" data-id=\"d68894b\" data-element_type=\"section\" data-e-type=\"section\">\n\t\t\t\t\t\t<div class=\"elementor-container elementor-column-gap-default\">\n\t\t\t\t\t<div class=\"aux-parallax-section elementor-column elementor-col-50 elementor-top-column elementor-element elementor-element-ec689d8\" data-id=\"ec689d8\" data-element_type=\"column\" data-e-type=\"column\">\n\t\t\t<div class=\"elementor-widget-wrap elementor-element-populated\">\n\t\t\t\t\t\t<div class=\"elementor-element elementor-element-f2335cc elementor-widget elementor-widget-image\" data-id=\"f2335cc\" data-element_type=\"widget\" data-e-type=\"widget\" data-widget_type=\"image.default\">\n\t\t\t\t<div class=\"elementor-widget-container\">\n\t\t\t\t\t\t\t\t\t\t\t\t\t\t\t<img fetchpriority=\"high\" decoding=\"async\" width=\"300\" height=\"300\" src=\"https:\/\/autismoge.org\/wp-content\/uploads\/2022\/09\/logo2-300x300.png\" class=\"attachment-medium size-medium wp-image-1826\" alt=\"\" srcset=\"https:\/\/autismoge.org\/wp-content\/uploads\/2022\/09\/logo2-300x300.png 300w, https:\/\/autismoge.org\/wp-content\/uploads\/2022\/09\/logo2-150x150.png 150w, https:\/\/autismoge.org\/wp-content\/uploads\/2022\/09\/logo2.png 600w\" sizes=\"(max-width: 300px) 100vw, 300px\" \/>\t\t\t\t\t\t\t\t\t\t\t\t\t\t\t<\/div>\n\t\t\t\t<\/div>\n\t\t\t\t<div class=\"elementor-element elementor-element-480daed elementor-widget elementor-widget-heading\" data-id=\"480daed\" data-element_type=\"widget\" data-e-type=\"widget\" data-widget_type=\"heading.default\">\n\t\t\t\t<div class=\"elementor-widget-container\">\n\t\t\t\t\t<h3 class=\"elementor-heading-title elementor-size-default\">Autismo Guinea Ecuatorial \ud83c\uddec\ud83c\uddf6 lanza su primer ciclo de formaci\u00f3n en ABA, orientado para docentes, estudiantes, padres y guardianes de ni\u00f1os con necesidades especiales.<\/h3>\t\t\t\t<\/div>\n\t\t\t\t<\/div>\n\t\t\t\t<div class=\"elementor-element elementor-element-1f82d4e elementor-align-justify elementor-widget elementor-widget-button\" data-id=\"1f82d4e\" data-element_type=\"widget\" data-e-type=\"widget\" data-widget_type=\"button.default\">\n\t\t\t\t<div class=\"elementor-widget-container\">\n\t\t\t\t\t\t\t\t\t<div class=\"elementor-button-wrapper\">\n\t\t\t\t\t<a class=\"elementor-button elementor-button-link elementor-size-sm\" href=\"https:\/\/autismoge.org\/index.php\/formaciones\/\">\n\t\t\t\t\t\t<span class=\"elementor-button-content-wrapper\">\n\t\t\t\t\t\t\t\t\t<span class=\"elementor-button-text\">M\u00e1s informaci\u00f3n<\/span>\n\t\t\t\t\t<\/span>\n\t\t\t\t\t<\/a>\n\t\t\t\t<\/div>\n\t\t\t\t\t\t\t\t<\/div>\n\t\t\t\t<\/div>\n\t\t\t\t\t<\/div>\n\t\t<\/div>\n\t\t\t\t<div class=\"aux-parallax-section elementor-column elementor-col-50 elementor-top-column elementor-element elementor-element-3478b82\" data-id=\"3478b82\" data-element_type=\"column\" data-e-type=\"column\">\n\t\t\t<div class=\"elementor-widget-wrap elementor-element-populated\">\n\t\t\t\t\t\t<div class=\"elementor-element elementor-element-cedb0ef elementor-widget elementor-widget-image\" data-id=\"cedb0ef\" data-element_type=\"widget\" data-e-type=\"widget\" data-widget_type=\"image.default\">\n\t\t\t\t<div class=\"elementor-widget-container\">\n\t\t\t\t\t\t\t\t\t\t\t\t\t\t\t<img decoding=\"async\" width=\"300\" height=\"300\" src=\"https:\/\/autismoge.org\/wp-content\/uploads\/2022\/09\/happy-longhair-brunette-little-girl-isolated-on-blue-studio-background-looks-happy-cheerful-sincere-copyspace-childhood-education-emotions-concept-300x300.jpg\" class=\"attachment-medium size-medium wp-image-1840\" alt=\"\" srcset=\"https:\/\/autismoge.org\/wp-content\/uploads\/2022\/09\/happy-longhair-brunette-little-girl-isolated-on-blue-studio-background-looks-happy-cheerful-sincere-copyspace-childhood-education-emotions-concept-300x300.jpg 300w, https:\/\/autismoge.org\/wp-content\/uploads\/2022\/09\/happy-longhair-brunette-little-girl-isolated-on-blue-studio-background-looks-happy-cheerful-sincere-copyspace-childhood-education-emotions-concept-150x150.jpg 150w\" sizes=\"(max-width: 300px) 100vw, 300px\" \/>\t\t\t\t\t\t\t\t\t\t\t\t\t\t\t<\/div>\n\t\t\t\t<\/div>\n\t\t\t\t<div class=\"elementor-element elementor-element-bc5afc8 elementor-widget elementor-widget-heading\" data-id=\"bc5afc8\" data-element_type=\"widget\" data-e-type=\"widget\" data-widget_type=\"heading.default\">\n\t\t\t\t<div class=\"elementor-widget-container\">\n\t\t\t\t\t<h3 class=\"elementor-heading-title elementor-size-default\">Autismo Guinea Ecuatorial, ofrece a los ni\u00f1os  con necesidades especiales, el plan de verano que comenz\u00f3 desde el pasado martes 19 de julio con las inscripciones.<\/h3>\t\t\t\t<\/div>\n\t\t\t\t<\/div>\n\t\t\t\t<div class=\"elementor-element elementor-element-9ed6a7d elementor-align-justify elementor-widget elementor-widget-button\" data-id=\"9ed6a7d\" data-element_type=\"widget\" data-e-type=\"widget\" data-widget_type=\"button.default\">\n\t\t\t\t<div class=\"elementor-widget-container\">\n\t\t\t\t\t\t\t\t\t<div class=\"elementor-button-wrapper\">\n\t\t\t\t\t<a class=\"elementor-button elementor-button-link elementor-size-sm\" href=\"https:\/\/autismoge.org\/index.php\/curso-de-verano\/\">\n\t\t\t\t\t\t<span class=\"elementor-button-content-wrapper\">\n\t\t\t\t\t\t\t\t\t<span class=\"elementor-button-text\">M\u00e1s informaci\u00f3n<\/span>\n\t\t\t\t\t<\/span>\n\t\t\t\t\t<\/a>\n\t\t\t\t<\/div>\n\t\t\t\t\t\t\t\t<\/div>\n\t\t\t\t<\/div>\n\t\t\t\t\t<\/div>\n\t\t<\/div>\n\t\t\t\t\t<\/div>\n\t\t<\/section>\n\t\t\t\t<section class=\"elementor-section elementor-top-section elementor-element elementor-element-b65af70 elementor-section-boxed elementor-section-height-default elementor-section-height-default\" data-id=\"b65af70\" data-element_type=\"section\" data-e-type=\"section\">\n\t\t\t\t\t\t<div class=\"elementor-container elementor-column-gap-default\">\n\t\t\t\t\t<div class=\"aux-parallax-section elementor-column elementor-col-100 elementor-top-column elementor-element elementor-element-bbcfd6e\" data-id=\"bbcfd6e\" data-element_type=\"column\" data-e-type=\"column\">\n\t\t\t<div class=\"elementor-widget-wrap elementor-element-populated\">\n\t\t\t\t\t\t<div class=\"elementor-element elementor-element-f2c4215 elementor-widget elementor-widget-heading\" data-id=\"f2c4215\" data-element_type=\"widget\" data-e-type=\"widget\" data-widget_type=\"heading.default\">\n\t\t\t\t<div class=\"elementor-widget-container\">\n\t\t\t\t\t<h2 class=\"elementor-heading-title elementor-size-default\">Becas en Atenci\u00f3n Temprana en Logopedia, Psicolog\u00eda y Psiquiatr\u00eda Infantil - Autismo Guinea Ecuatorial<\/h2>\t\t\t\t<\/div>\n\t\t\t\t<\/div>\n\t\t\t\t<div class=\"elementor-element elementor-element-30cd2ad elementor-widget elementor-widget-text-editor\" data-id=\"30cd2ad\" data-element_type=\"widget\" data-e-type=\"widget\" data-widget_type=\"text-editor.default\">\n\t\t\t\t<div class=\"elementor-widget-container\">\n\t\t\t\t\t\t\t\t\t<p><\/p>\n<p>\ud83c\udf89 <strong>\u00a1Buenas noticias para las familias con recursos limitados!<\/strong><\/p>\n<p> <\/p>\n<p>Con motivo de la <strong>reapertura de nuestras sedes en Malabo y Bata<\/strong>, la ONG <strong>Autismo Guinea Ecuatorial<\/strong> ofrece <strong>decenas de becas en Logopedia, Psicolog\u00eda y Psiquiatr\u00eda Infantil<\/strong>.<\/p>\n<p> <\/p>\n<p>Si <strong>su<\/strong> hijo o hija presenta <strong>signos de alerta en el desarrollo<\/strong> y desea que reciba <strong>atenci\u00f3n terap\u00e9utica profesional<\/strong>, le invitamos a acudir a nuestros <strong>Centros de Atenci\u00f3n Temprana<\/strong>:<\/p>\n<p> <\/p>\n<p>\ud83d\udccd <strong>Malabo<\/strong><br \/>Buena Esperanza 1, B13<br \/>\ud83d\udcde (+240) 222 471 063<\/p>\n<p> <\/p>\n<p>\ud83d\udccd <strong>Bata<\/strong><br \/>Centro de Inclusi\u00f3n FCMNO, Etofili<br \/>\ud83d\udcde (+240) 222 669 094<\/p>\n<p> <\/p>\n<p>\ud83d\udce9 <strong>Correo electr\u00f3nico:<\/strong> <a>info@autismoge.org<\/a><br \/>\ud83c\udf10 <strong>Sitio web:<\/strong> <a href=\"http:\/\/www.autismoge.org\">www.autismoge.org<\/a><\/p>\n<p> <\/p>\n<p>\ud83d\udc99 <strong>\u00a1Porque cada ni\u00f1o cuenta en Autismo Guinea Ecuatorial! \ud83c\uddec\ud83c\uddf6<\/strong><\/p>\n<p><!-- \/wp:paragraph --><\/p>\t\t\t\t\t\t\t\t<\/div>\n\t\t\t\t<\/div>\n\t\t\t\t\t<\/div>\n\t\t<\/div>\n\t\t\t\t\t<\/div>\n\t\t<\/section>\n\t\t\t\t<\/div>\n\t\t","protected":false},"excerpt":{"rendered":"<p>Formaciones Autismo Guinea Ecuatorial \ud83c\uddec\ud83c\uddf6 lanza su primer ciclo de formaci\u00f3n en ABA, orientado para docentes, estudiantes, padres y guardianes de ni\u00f1os con necesidades especiales. M\u00e1s informaci\u00f3n Autismo Guinea Ecuatorial, ofrece a los ni\u00f1os con necesidades especiales, el plan de verano que comenz\u00f3 desde el pasado martes 19 de julio con las inscripciones. M\u00e1s informaci\u00f3n [&hellip;]<\/p>\n","protected":false},"author":1,"featured_media":0,"parent":0,"menu_order":0,"comment_status":"closed","ping_status":"closed","template":"","meta":{"footnotes":""},"class_list":["post-1805","page","type-page","status-publish","hentry"],"_links":{"self":[{"href":"https:\/\/autismoge.org\/index.php\/wp-json\/wp\/v2\/pages\/1805","targetHints":{"allow":["GET"]}}],"collection":[{"href":"https:\/\/autismoge.org\/index.php\/wp-json\/wp\/v2\/pages"}],"about":[{"href":"https:\/\/autismoge.org\/index.php\/wp-json\/wp\/v2\/types\/page"}],"author":[{"embeddable":true,"href":"https:\/\/autismoge.org\/index.php\/wp-json\/wp\/v2\/users\/1"}],"replies":[{"embeddable":true,"href":"https:\/\/autismoge.org\/index.php\/wp-json\/wp\/v2\/comments?post=1805"}],"version-history":[{"count":37,"href":"https:\/\/autismoge.org\/index.php\/wp-json\/wp\/v2\/pages\/1805\/revisions"}],"predecessor-version":[{"id":2016,"href":"https:\/\/autismoge.org\/index.php\/wp-json\/wp\/v2\/pages\/1805\/revisions\/2016"}],"wp:attachment":[{"href":"https:\/\/autismoge.org\/index.php\/wp-json\/wp\/v2\/media?parent=1805"}],"curies":[{"name":"wp","href":"https:\/\/api.w.org\/{rel}","templated":true}]}}